 (base 2) in base 9?
-2161
What is 756 (base 14) in base 15?
668
Convert 50325 (base 6) to base 9.
10048
120123 (base 5) to base 14
1873
Convert 114005 (base 7) to base 6.
235145
Convert -122022011 (base 3) to base 2.
-11000101000101
What is -2467 (base 8) in base 6?
-10103
What is 12221120 (base 3) in base 4?
1003233
7b (base 16) to base 3
11120
What is -a0 (base 12) in base 11?
-aa
What is -55a (base 12) in base 9?
-1067
2210 (base 5) to base 6
1225
-13121330 (base 4) to base 2
-111011001111100
What is 3a6 (base 15) in base 11?
696
1644 (base 7) to base 14
35b
Convert -4a68 (base 13) to base 14.
-3bc8
Convert -10011011001101 (base 2) to base 4.
-2123031
Convert 28c (base 16) to base 12.
464
-16b (base 15) to base 12
-232
What is -3b3 (base 12) in base 14?
-2c7
-12124 (base 8) to base 14
-1c7a
Convert -1524d (base 14) to base 10.
-52597
Convert 320 (base 7) to base 2.
10100001
What is -3201 (base 4) in base 15?
-100
Convert -430 (base 10) to base 7.
-1153
What is -12102 (base 4) in base 7?
-1113
What is 4440 (base 6) in base 8?
2010
-417 (base 14) to base 11
-672
65731 (base 8) to base 16
6bd9
1000001011100010 (base 2) to base 4
20023202
11005 (base 7) to base 15
c34
What is 2234310 (base 5) in base 9?
60724
-145013 (base 6) to base 4
-3123201
Convert -112101202 (base 3) to base 10.
-10496
What is a631 (base 11) in base 4?
3123312
Convert 159 (base 11) to base 13.
113
Convert 552 (base 8) to base 13.
21b
4005 (base 9) to base 16
b69
Convert 20044 (base 5) to base 8.
2372
Convert -1c5a (base 13) to base 10.
-4300
24a0 (base 12) to base 14
1728
Convert -267 (base 9) to base 5.
-1343
What is -3415 (base 6) in base 5?
-11203
1110001011001 (base 2) to base 4
1301121
31330 (base 5) to base 9
2772
What is -240221 (base 6) in base 15?
-6281
What is 523 (base 8) in base 9?
416
Convert -660 (base 14) to base 11.
-a46
-11021 (base 3) to base 13
-8b
214400 (base 5) to base 10
7475
What is -11577 (base 9) in base 5?
-222030
Convert 3030423 (base 5) to base 16.
bedf
Convert -1544 (base 8) to base 7.
-2350
Convert 2004 (base 7) to base 9.
846
What is 1012202 (base 3) in base 6?
4032
1824 (base 11) to base 5
33300
What is -11073 (base 9) in base 16?
-1cbc
What is 2179 (base 14) in base 2?
1011010011111
Convert 272 (base 11) to base 9.
386
Convert -457 (base 8) to base 6.
-1223
Convert -114364 (base 7) to base 12.
-10031
What is 74 (base 14) in base 8?
146
Convert -93 (base 14) to base 3.
-11210
What is -1101110001100 (base 2) in base 16?
-1b8c
Convert -13002 (base 4) to base 16.
-1c2
Convert -15835 (base 9) to base 14.
-3d78
Convert -b2 (base 15) to base 13.
-cb
Convert 2403 (base 5) to base 2.
101100001
-14430 (base 6) to base 9
-3160
12114 (base 12) to base 16
5f20
Convert -44158 (base 9) to base 14.
-a966
What is -116422 (base 8) in base 11?
-28235
Convert 31211 (base 4) to base 14.
461
121006 (base 7) to base 9
33107
Convert 1763 (base 11) to base 12.
1373
-31 (base 14) to base 8
-53
Convert 599 (base 10) to base 13.
371
504b (base 15) to base 10
16946
Convert 14eb (base 15) to base 7.
16052
-101000000011 (base 2) to base 8
-5003
What is -6216 (base 11) in base 3?
-102022101
244a0 (base 11) to base 7
204424
What is ab96 (base 15) in base 7?
211011
-117331 (base 8) to base 10
-40665
40132 (base 6) to base 11
3a34
What is 34321 (base 6) in base 15?
169d
Convert -398 (base 11) to base 16.
-1d6
-11001110001 (base 2) to base 15
-74e
What is -11db (base 15) in base 3?
-12012222
What is -303212 (base 4) in base 5?
-101202
Convert 3064 (base 10) to base 13.
1519
What is -312 (base 7) in base 12?
-110
What is -314 (base 10) in base 13?
-1b2
Convert 322322 (base 4) to base 8.
7272
ae09 (base 16) to base 15
d303
Convert -8956 (base 11) to base 16.
-2e16
What is 995a (base 13) in base 9?
32273
Convert -1100110110101 (base 2) to base 12.
-3985
What is -26206 (base 7) in base 8?
-15464
What is 4211 (base 5) in base 11?
466
-2442321 (base 5) to base 8
-132772
Convert 1203012 (base 4) to base 2.
1100011000110
What is 24707 (base 11) in base 2?
1000101010000100
What is -19551 (base 13) in base 15?
-e8d0
What is -3fbf (base 16) in base 14?
-5d39
What is -100101100100 (base 2) in base 14?
-c3a
What is -55421 (base 6) in base 7?
-31333
1004311 (base 5) to base 11
111a3
-133404 (base 7) to base 6
-312503
What is 560 (base 8) in base 3?
111122
-673 (base 10) to base 5
-10143
Convert 2c42 (base 15) to base 10.
9512
What is 1111100010001 (base 2) in base 12?
4729
What is -1353 (base 6) in base 9?
-436
Convert 1120132 (base 4) to base 8.
13036
Convert a8e9 (base 16) to base 12.
21035
What is -14423 (base 6) in base 16?
-90f
What is -11220111 (base 3) in base 9?
-4814
1000110010 (base 2) to base 4
20302
Convert -1333043 (base 5) to base 13.
-c54c
41425 (base 6) to base 15
19ab
4333 (base 6) to base 7
2616
Convert -2356 (base 7) to base 3.
-1012101
What is -202232 (base 4) in base 5?
-32342
-289 (base 10) to base 12
-201
Convert -3aa6 (base 13) to base 10.
-8417
-1150 (base 16) to base 5
-120212
Convert -13ba0 (base 12) to base 4.
-12233220
What is 11122200 (base 3) in base 11?
2605
-255 (base 14) to base 2
-111010011
-665 (base 10) to base 16
-299
What is 23200 (base 4) in base 8?
1340
What is 10122 (base 7) in base 4?
212202
Convert -58e (base 16) to base 13.
-855
Convert 1100001100101 (base 2) to base 7.
24131
Convert -1556 (base 7) to base 6.
-2525
What is -14412 (base 5) in base 16?
-4d0
Convert 111101 (base 2) to base 10.
61
Convert -10127 (base 15) to base 14.
-1478b
What is 280a (base 14) in base 6?
52414
Convert -112010222 (base 3) to base 2.
-10100001001001
What is -168b (base 12) in base 2?
-101010001011
What is -15317 (base 8) in base 11?
-517a
What is 8b50 (base 12) in base 4?
3301230
Convert 3517 (base 16) to base 10.
13591
Convert -55c (base 14) to base 16.
-426
10100101 (base 2) to base 3
20010
What is -1088 (base 11) in base 8?
-2623
2024031 (base 5) to base 3
1200021211
What is -22112121 (base 3) in base 5?
-144401
21022012 (base 3) to base 5
132244
-54b (base 15) to base 9
-1568
What is 1110111101010 (base 2) in base 16?
1dea
66232 (base 8) to base 10
27802
Convert b0b2 (base 14) to base 11.
20882
-116362 (base 7) to base 6
-243201
What is 31642 (base 8) in base 10?
13218
What is 2554 (base 12) in base 5?
113430
148 (base 9) to base 15
85
Convert -cbcc (base 13) to base 5.
-1402031
What is -4bb1 (base 13) in base 12?
-62b3
What is -13533 (base 6) in base 10?
-2145
-30402 (base 6) to base 14
-1682
Convert 17828 (base 9) to base 5.
343323
10222100 (base 3) to base 2
101101010010
What is 100111110 (base 2) in base 7?
633
-4254 (base 7) to base 5
-22014
Convert -10b (base 12) to base 5.
-1110
-45a (base 12) to base 4
-22012
What is -29b (base 12) in base 6?
-1515
-564 (base 12) to base 2
-1100011100
Convert 920 (base 11) to base 8.
2127
221 (base 10) to base 12
165
7854 (base 10) to base 5
222404
Convert 692 (base 10) to base 8.
1264
What is 1211000 (base 3) in base 16?
52b
What is 192 (base 12) in base 15?
11e
Convert 224643 (base 7) to base 5.
2240423
-110000110111100 (base 2) to base 7
-132642
Convert 2435 (base 7) to base 4.
32030
What is -1dbb (base 16) in base 8?
-16673
301 (base 11) to base 8
554
What is 24c8 (base 14) in base 6?
45504
-db (base 15) to base 5
-1311
What is 1302300 (base 4) in base 10?
7344
Convert 1143 (base 8) to base 11.
506
105141 (base 6) to base 15
2997
Convert 22d (base 15) to base 2.
111101101
232233 (base 4) to base 10
2991
Convert 125 (base 7) to base 13.
53
What is 12102 (base 3) in base 14?
a6
What is 223 (base 13) in base 5?
2432
What is 37325 (base 9) in base 3?
1021100212
Convert -11220221 (base 3) to base 12.
-20b1
10011010102 (base 3) to base 10
62057
Convert a6 (base 15) to base 16.
9c
-1cb7 (base 13) to base 4
-1010113
Convert 2565 (base 9) to base 16.
782
Convert -a66 (base 14) to base 16.
-802
172 (base 9) to base 8
222
132c2 (base 13) to base 4
20231000
Convert -6282 (base 9) to base 14.
-1974
Convert -1033 (base 4) to base 11.
-72
Convert 10000000011101 (base 2) to base 9.
12244
-3657 (base 9) to base 6
-20341
-42240 (base 5) to base 9
-3773
Convert -87a0 (base 14) to base 6.
-300344
What is -a6d (base 14) in base 10?
-2057
What is -7cd (base 15) in base 3?
-2102111
Convert -1000110011111010 (base 2) to base 11.
-25